525992?
2
What is the hundreds digit of 271365480?
4
What is the millions digit of 1701580706?
1
What is the millions digit of 1121588165?
1
What is the hundred thousands digit of 36172660?
1
What is the units digit of 141361158?
8
What is the hundred millions digit of 4986295896?
9
What is the thousands digit of 1713548055?
8
What is the tens digit of 279303393?
9
What is the ten millions digit of 1961665029?
6
What is the millions digit of 712215202?
2
What is the hundred millions digit of 245093935?
2
What is the units digit of 779686568?
8
What is the millions digit of 1317266157?
7
What is the tens digit of 16683180?
8
What is the millions digit of 5779505551?
9
What is the thousands digit of 171075013?
5
What is the thousands digit of 5369243?
9
What is the ten thousands digit of 3678137528?
3
What is the millions digit of 618524075?
8
What is the ten millions digit of 214923889?
1
What is the hundred thousands digit of 159778639?
7
What is the thousands digit of 890411?
0
What is the tens digit of 38992201?
0
What is the hundred thousands digit of 221561896?
5
What is the ten millions digit of 139513996?
3
What is the tens digit of 2433266629?
2
What is the ten thousands digit of 1160810852?
1
What is the ten millions digit of 1199472443?
9
What is the hundreds digit of 41382617?
6
What is the hundred millions digit of 2923555534?
9
What is the units digit of 489848335?
5
What is the units digit of 130314367?
7
What is the ten millions digit of 56639838?
5
What is the ten thousands digit of 84895074?
9
What is the ten thousands digit of 84341410?
4
What is the ten millions digit of 362201193?
6
What is the tens digit of 57258776?
7
What is the ten millions digit of 1225202276?
2
What is the hundreds digit of 90818530?
5
What is the hundreds digit of 78436653?
6
What is the ten thousands digit of 75237158?
3
What is the millions digit of 99335675?
9
What is the billions digit of 2661995262?
2
What is the hundreds digit of 51553?
5
What is the tens digit of 53227905?
0
What is the hundreds digit of 196245230?
2
What is the thousands digit of 781618248?
8
What is the hundreds digit of 248543349?
3
What is the thousands digit of 340533193?
3
What is the ten thousands digit of 754490412?
9
What is the ten millions digit of 15555775?
1
What is the hundred millions digit of 527525356?
5
What is the tens digit of 635722899?
9
What is the hundred thousands digit of 624688675?
6
What is the millions digit of 202794236?
2
What is the hundred millions digit of 2620105026?
6
What is the hundred millions digit of 105452962?
1
What is the thousands digit of 15700046?
0
What is the hundreds digit of 34275886?
8
What is the thousands digit of 18018392?
8
What is the hundred millions digit of 770844884?
7
What is the ten millions digit of 21878377?
2
What is the hundreds digit of 1399694245?
2
What is the hundreds digit of 48979064?
0
What is the units digit of 1312891049?
9
What is the ten millions digit of 583442415?
8
What is the hundred thousands digit of 158322581?
3
What is the units digit of 49876953?
3
What is the millions digit of 1910906741?
0
What is the thousands digit of 138269716?
9
What is the ten thousands digit of 580599?
8
What is the ten thousands digit of 69362931?
6
What is the units digit of 254855979?
9
What is the units digit of 675244015?
5
What is the hundred thousands digit of 146311646?
3
What is the millions digit of 488402177?
8
What is the hundred millions digit of 105877000?
1
What is the units digit of 37211782?
2
What is the tens digit of 32198838?
3
What is the hundred millions digit of 4024333739?
0
What is the millions digit of 132129436?
2
What is the hundreds digit of 748541453?
4
What is the thousands digit of 4573330598?
0
What is the hundreds digit of 30162847?
8
What is the millions digit of 33191707?
3
What is the hundred thousands digit of 37241197?
2
What is the units digit of 42918793?
3
What is the ten millions digit of 284449458?
8
What is the units digit of 1638393987?
7
What is the hundreds digit of 32550647?
6
What is the units digit of 139063560?
0
What is the millions digit of 225165258?
5
What is the hundred thousands digit of 891160858?
1
What is the hundred thousands digit of 28144754?
1
What is the units digit of 4351593514?
4
What is the ten thousands digit of 74286695?
8
What is the ten millions digit of 339141772?
3
What is the ten millions digit of 18132558?
1
What is the thousands digit of 81035710?
5
What is the millions digit of 1228543375?
8
What is the hundred millions digit of 3882973306?
8
What is the millions digit of 197709632?
7
What is the hundreds digit of 3766159636?
6
What is the millions digit of 14224489?
4
What is the thousands digit of 3681292848?
2
What is the millions digit of 194247138?
4
What is the thousands digit of 193708306?
8
What is the thousands digit of 174044459?
4
What is the hundred thousands digit of 28106227?
1
What is the tens digit of 34447303?
0
What is the units digit of 53847793?
3
What is the millions digit of 4782958519?
2
What is the units digit of 142708884?
4
What is the tens digit of 2486150870?
7
What is the millions digit of 2451878260?
1
What is the ten millions digit of 129604474?
2
What is the ten thousands digit of 2398617789?
1
What is the ten millions digit of 365151116?
6
What is the ten thousands digit of 751566774?
6
What is the ten millions digit of 18271419?
1
What is the units digit of 97091753?
3
What is the units digit of 1009254452?
2
What is the hundred millions digit of 406058779?
4
What is the ten thousands digit of 886756841?
5
What is the tens digit of 16814213?
1
What is the millions digit of 147721267?
7
What is the tens digit of 79498350?
5
What is the tens digit of 322350673?
7
What is the hundreds digit of 4158827025?
0
What is the thousands digit of 456801401?
1
What is the units digit of 622266109?
9
What is the millions digit of 2704770342?
4
What is the millions digit of 142506558?
2
What is the ten thousands digit of 126108412?
0
What is the tens digit of 789684213?
1
What is the millions digit of 2534805807?
4
What is the units digit of 190010979?
9
What is the ten millions digit of 190351171?
9
What is the ten thousands digit of 75163006?
6
What is the millions digit of 81366273?
1
What is the thousands digit of 123518658?
8
What is the tens digit of 596613485?
8
What is the units digit of 78741827?
7
What is the thousands digit of 50039640?
9
What is the hundred millions digit of 238255656?
2
What is the tens digit of 1439427504?
0
What is the ten millions digit of 117300448?
1
What is the millions digit of 79013902?
9
What is the tens digit of 6569743?
4
What is the ten thousands digit of 279126491?
2
What is the thousands digit of 329345113?
5
What is the units digit of 89026872?
2
What is the thousands digit of 373302515?
2
What is the millions digit of 2063120429?
3
What is the units digit of 39144418?
8
What is the millions digit of 43005999?
3
What is the ten thousands digit of 33952964?
5
What is the ten thousands digit of 6193265054?
6
What is the units digit of 367926448?
8
What is the ten thousands digit of 6574046?
7
What is the thousands digit of 138240239?
0
What is the hundred thousands digit of 81534082?
5
What is the units digit of 3406010707?
7
What is the hundred thousands digit of 889651417?
6
What is the millions digit of 264115699?
4
What is the tens digit of 971662347?
4
What is the hundred thousands digit of 133772580?
7
What is the millions digit of 3006958633?
6
What is the thousands digit of 111059443?
9
What is the thousands digit of 16802315?
2
What is the units digit of 1627618761?
1
What is the units digit of 263864892?
2
What is the ten thousands digit of 547170068?
7
What is the units digit of 38907036?
6
What is the hundred millions digit of 130141729?
1
What is the hundred thousands digit of 257925293?
9
What is the hundred millions digit of 195709059?
1
What is the hundred thousands digit of 986280088?
2
What is the ten millions digit of 33922775?
3
What is the ten millions digit of 80650886?
8
What is the millions digit of 1041443669?
1
What is the hundred thousands digit of 4971353868?
3
What is the units digit of 75043632?
2
What is the hundreds digit of 72334707?
7
What 